 - 4*z + 5*i - 61. Suppose -3*o - 3*u + 108 = 0, 0*o = o - 4*u - z. Let a = o + -21. What is the tens digit of a?
1
Suppose -j + 11 - 7 = 0. Suppose -v + 23 = 5*l, 0*l = -j*v + 2*l + 92. What is the tens digit of v?
2
Suppose 0 = 6*q + 406 - 3166. What is the units digit of q?
0
Suppose 0*t = 5*t. What is the tens digit of t/(-2 - 2) + (0 - -103)?
0
Let m(d) = 2*d**2 - 5*d**2 - 7*d + 2*d**2 + 5. Suppose -4*s + r + 3*r = 16, 5*r = 2*s + 2. What is the tens digit of m(s)?
1
What is the units digit of 828 + ((-3)/3 - 0/7)?
7
Suppose -7*i = -2*i - 45. Suppose -513 = -i*r + 153. What is the units digit of r?
4
Let z be (6 - 3) + (-4 - -1). Suppose -4*p + 4*v + 2 = 22, z = 3*v - 3. What is the units digit of (-126)/p + 11/(-22)?
1
Let x(t) = t**3 + 2*t - 3. Let f be x(2). Suppose -y + 2*l + 117 = f, -y + 93 = 3*l. What is the tens digit of y?
0
Suppose 3*m = -83 + 1337. Let a = 722 - m. What is the tens digit of a?
0
Suppose -3*x = -174 - 174. What is the hundreds digit of x?
1
Suppose 0 = -l - i + 313, 10*l - 12*l + 3*i = -621. What is the hundreds digit of l?
3
Suppose 60*x - 92620 = 40*x. What is the hundreds digit of x?
6
Let f = 345 + -321. Suppose 2*s = s + 51. Suppose 0 = -3*n + s + f. What is the tens digit of n?
2
Let i(o) = 31*o**2 + 3*o - 3. Let w be i(-3). Let f = -112 + 116. Suppose -f*j + 209 = -j + 4*r, w = 4*j + 3*r. What is the units digit of j?
3
Let k(o) be the first derivative of 3*o**2 + 5*o - 7. Let l = -11 + 15. What is the tens digit of k(l)?
2
Let r(m) = -268*m - 706. What is the hundreds digit of r(-7)?
1
What is the tens digit of (512 + 5)/(4 + -8 + 5)?
1
Let s = 27 + -41. Let u = s + 14. Suppose -5*o + 60 = -u*o. What is the tens digit of o?
1
Suppose 3*w + 2*w = -j + 119, 2*w + 3*j - 58 = 0. Suppose 5*t + 4*f = 53 + w, f - 16 = -t. What is the tens digit of (-8)/t - (-137)/3?
4
Let s = 485 - 328. What is the tens digit of s?
5
Let b = -22 - -25. Suppose 5*q - 5*h = 385, -3*q + b*h + 241 = -2*h. What is the units digit of q?
2
Let h be -8*(3 + 95/(-10)). Suppose -4*u - 38 = -o - o, -u = -3*o + h. What is the units digit of o?
7
Suppose -5*k = 5*z - 245, 4*z - 236 = -0*k + 4*k. Let r = z - -22. What is the tens digit of r?
7
Let z = -311 + 1237. What is the hundreds digit of z?
9
Suppose 2*y + 9 = -3*s, 0*s - 15 = 5*y + 5*s. Let t = 10 + y. Suppose -a - 4*q + t = 0, a - 5*a + 97 = -3*q. What is the tens digit of a?
2
Suppose -4*k + 9 + 43 = 0. Let j(m) = 28 - 12 - 2*m - k. What is the units digit of j(-10)?
3
Suppose 63*u - 66*u = -771. Suppose 4*l - u = -5*z, l + z = 5*z + 38. What is the tens digit of l?
5
Suppose 12*x + 2179 + 1241 = 0. Let r = -149 - x. What is the tens digit of r?
3
What is the tens digit of 24358/76 + (-6)/(-4)?
2
Let b(s) be the first derivative of s**4/4 + 16*s**3/3 - 4*s**2 - 9*s + 20. What is the hundreds digit of b(-16)?
1
Suppose 4*y - 1519 = -u + y, y - 4549 = -3*u. What is the thousands digit of u?
1
Let g(r) = r**3 - 18*r**2 + 11*r + 17. Let h be g(18). What is the hundreds digit of h*20/125*5?
1
Let k(d) = d**2 + 3*d + 2. Let j be k(-3). Let h(q) = 18*q - 6*q + 2*q**j - 2*q**2 + 2*q**2. What is the tens digit of h(-8)?
3
Let a(c) = 38*c**2 - c + 6. Let o be a(5). Suppose -5*d = 346 - o. What is the units digit of d?
1
Let z be (-3)/(-3*4/24). Let q be z/(-9) + (-8)/(-12). Suppose q = -5*f + f + 96. What is the units digit of f?
4
Let d(o) = -o**2 - 9*o + 25. Let x be d(-11). Suppose 2*y - 74 = -x*i - 15, -2*i = 4*y - 114. What is the units digit of y?
8
Suppose 3*a = -5*z - 2416 + 9845, 0 = z - 5*a - 1497. What is the hundreds digit of z?
4
Let s = 284 + -127. What is the hundreds digit of s?
1
Suppose -20 = 60*w - 64*w. Suppose -2*a = -4, -i - w*a + 77 = -a. What is the tens digit of i?
6
Let s be (0/(-4)*(-2)/4)/3. Suppose -2*f + s*f = -438. What is the units digit of f?
9
Let j(r) = -2*r**3 + 7*r**2 + 14*r + 8. Let u be -2 - (8/(-44) - 48/(-22)). What is the units digit of j(u)?
2
Let h(v) = -7*v**2 - 15*v + 13. Let l(w) = 8*w**2 + 16*w - 13. Let m be (7 + -14)*(0 - -1). Let y(a) = m*h(a) - 6*l(a). What is the units digit of y(-11)?
9
Suppose 2*c + 4*b = 436, -2*c - 2*b + 316 = -126. What is the units digit of c?
4
Let x(m) = -7*m**2 - 31*m + 25. Let n(a) = 15*a**2 + 63*a - 50. Let t(b) = 6*n(b) + 13*x(b). What is the tens digit of t(-21)?
0
Let x be -1*(-9)/(0 - -3). Let f be (10/x)/((-3)/(-18)). Suppose -52 = -3*q + f. What is the units digit of q?
4
Let u = 90 + 361. What is the hundreds digit of u?
4
Suppose 0 = -3*p - 0 + 9. Let i = -6 + 9. Suppose 0 = -p*r + i - 0. What is the units digit of r?
1
Let u be (-3 + -1)*-1 + -1. Suppose 4*m = j - 23, -u*m - 24 = -4*j + j. Suppose -c = j*c - 80. What is the units digit of c?
0
Let w = -105 + 75. What is the units digit of (-405)/10*(w/9)/5?
7
What is the tens digit of 102/(((-8)/(-182))/(14/49))?
6
Suppose -2830 = -s - 3*t + 530, 2*s + 3*t = 6705. What is the thousands digit of s?
3
Let x = 437 - 95. What is the units digit of x?
2
Suppose 0 = -3*f - 4*a + 216, 4*f - 3*f = 2*a + 62. Suppose -3*m = z - 5*z - 163, 3*z + 126 = m. Let v = f + z. What is the tens digit of v?
2
Suppose 2 + 2 = -4*f, -2*f + 2 = 2*n. Suppose 0 = -n*h + 214 + 84. Suppose h = 4*o - 127. What is the units digit of o?
9
Let x be (-4)/((3 - 1)/4 + -1). Suppose -x*h + 4*h - 5*s = -113, 4*h - 98 = -2*s. What is the units digit of h?
2
Suppose 2*c + 1318 = 4*c + 5*m, -5*m = 10. What is the units digit of c?
4
Let x = 4018 - 2046. What is the tens digit of x?
7
Let n = 8 - -2. Let v(w) = -w**3 + 10*w**2 + w - 9. Let j be v(n). Let x = j - -30. What is the units digit of x?
1
Suppose y = 4*s - 429 + 4, 3*s = 3*y + 330. Let g = -43 + s. What is the tens digit of g?
6
Let j(k) = k**2 - 2*k - 4. Let g be j(-3). Suppose g*u = 7*u + 16. What is the units digit of ((-3)/u)/((-8)/320)?
0
Let s(g) = -300*g - 29. What is the units digit of s(-4)?
1
Let v = -1550 + 2171. What is the tens digit of v?
2
Suppose -41*j - 27 = -44*j. What is the units digit of j?
9
Let j(t) be the second derivative of 9*t + 3/10*t**5 - 3/2*t**2 + 1/3*t**3 + 0 + 1/6*t**4. What is the tens digit of j(2)?
5
Let b = -5 + 15. What is the tens digit of 1084/b - 9/(-15)?
0
Let y = -421 + 1918. What is the thousands digit of y?
1
What is the tens digit of 817/2 + (-15)/(-30)?
0
Suppose -3*k - 98 = -a, -k - 428 = -3*a - 134. What is the tens digit of a?
9
Let y(w) = -w**3 - 5*w**2 - 6*w - 1. Let i be y(-4). Suppose i*u - 3*m - 5 = 3*u, u = 2*m. Suppose -33 = -u*f + 1. What is the units digit of f?
7
Let p(a) = a**3 + a**2 + 4. Let b be p(0). Suppose 2 = 3*m - b. Suppose 16 = m*w + 2*w. What is the units digit of w?
4
Suppose q - 16 = -3*m + 27, 0 = -5*m + 2*q + 79. Suppose 30 = 5*w + m. What is the units digit of w?
3
Let r = 22 + -18. Suppose 4*s - 2*s - 3*o = 436, 892 = r*s - o. What is the units digit of s?
4
Let c(k) = -5*k**3 - 6*k**2 + 2*k - 3. Let d be c(-3). Let x = 123 + d. What is the hundreds digit of x?
1
Let t = -3074 - -4948. What is the thousands digit of t?
1
Let n = 22 - 25. What is the hundreds digit of n - (0 + -2) - -107?
1
Let s(b) = -12*b**3 + b**2 + 2*b + 4. Let w be s(2). Let v = w + 87. What is the units digit of v?
3
Suppose -3*l + 41 - 11 = 0. Suppose 4*p - l = -x + 7, 3*x = 4*p + 3. Suppose -1 = r - p, 3*r = -t + 10. What is the units digit of t?
4
Suppose 4*q - 27 = -5*k, 6*k = 4*k - q + 9. Let r(p) = p**2 - 15*p - 35. Let x be r(19). Suppose v - 22 = -s, -k*v - s + x = -v. What is the tens digit of v?
1
Let t(x) = -x**2 - 8*x - 7. Let u be t(-1). Suppose -4*w - 12 = u, w - 463 = -2*b + 2*w. What is the units digit of b?
0
Let h(i) be the third derivative of 3*i**2 + 0*i + 1/60*i**5 + 0 + 1/4*i**4 + 13/6*i**3. What is the units digit of h(-6)?
3
Let v = 600 + -280. Suppose -v + 44 = -3*t. What is the tens digit of t?
9
What is the tens digit of 6/63 + 107390/42?
5
Let x(n) = -n**2 + 2*n + 15. Let s be x(11). Let y = s - -34. Let u = -26 - y. What is the units digit of u?
4
Suppose -31*c = -58*c + 648. What is the tens digit of c?
2
Let j(u) = -u**3 + 1 + 2*u + 2 - 4*u**2 - 2. Suppose 3*n = -5*d - 16, -13*d + 17*d = 5*n - 35. What is the tens digit of j(d)?
1
Let c(n) = -n**3 + 66*n**2 - 41*n + 56. What is the units digit of c(65)?
6
Suppose 7*k + 121 - 415 = 0. Suppose 10*x - k 